3612?
6
What is the hundreds digit of 973349?
3
What is the hundred thousands digit of 9236484?
2
What is the thousands digit of 963157?
3
What is the thousands digit of 3576538?
6
What is the hundreds digit of 3874712?
7
What is the hundreds digit of 25308887?
8
What is the thousands digit of 36213?
6
What is the millions digit of 2073914?
2
What is the units digit of 7284?
4
What is the millions digit of 15298419?
5
What is the ten thousands digit of 1300856?
0
What is the hundreds digit of 261899?
8
What is the thousands digit of 1121416?
1
What is the thousands digit of 80265?
0
What is the hundreds digit of 11824321?
3
What is the hundreds digit of 19722666?
6
What is the thousands digit of 534843?
4
What is the millions digit of 12324330?
2
What is the units digit of 940635?
5
What is the units digit of 2490212?
2
What is the ten thousands digit of 9451924?
5
What is the hundreds digit of 416426?
4
What is the millions digit of 2988642?
2
What is the thousands digit of 162583?
2
What is the hundreds digit of 4104729?
7
What is the thousands digit of 515811?
5
What is the thousands digit of 3472076?
2
What is the hundreds digit of 3225980?
9
What is the millions digit of 18939508?
8
What is the hundred thousands digit of 8078477?
0
What is the units digit of 298317?
7
What is the hundred thousands digit of 663381?
6
What is the units digit of 223103?
3
What is the tens digit of 3197552?
5
What is the thousands digit of 1634351?
4
What is the tens digit of 283749?
4
What is the hundreds digit of 23117476?
4
What is the millions digit of 7341070?
7
What is the thousands digit of 365644?
5
What is the ten thousands digit of 885369?
8
What is the hundreds digit of 1938236?
2
What is the ten thousands digit of 1372721?
7
What is the units digit of 7862750?
0
What is the ten thousands digit of 10754132?
5
What is the units digit of 10761?
1
What is the hundred thousands digit of 3609413?
6
What is the tens digit of 11809240?
4
What is the hundred thousands digit of 108080?
1
What is the millions digit of 1267854?
1
What is the units digit of 3730329?
9
What is the hundreds digit of 187149?
1
What is the units digit of 333287?
7
What is the hundred thousands digit of 9136131?
1
What is the ten thousands digit of 22148?
2
What is the tens digit of 1734366?
6
What is the ten thousands digit of 5537085?
3
What is the millions digit of 8440128?
8
What is the units digit of 228265?
5
What is the hundreds digit of 94419?
4
What is the thousands digit of 416745?
6
What is the hundred thousands digit of 12488178?
4
What is the hundreds digit of 105050?
0
What is the tens digit of 627303?
0
What is the tens digit of 3332554?
5
What is the ten thousands digit of 20303973?
0
What is the units digit of 5231195?
5
What is the tens digit of 1706432?
3
What is the thousands digit of 380638?
0
What is the tens digit of 18755279?
7
What is the hundred thousands digit of 288359?
2
What is the tens digit of 11197845?
4
What is the hundreds digit of 220630?
6
What is the units digit of 755622?
2
What is the hundreds digit of 624849?
8
What is the millions digit of 11871511?
1
What is the thousands digit of 334610?
4
What is the thousands digit of 5820867?
0
What is the hundred thousands digit of 1284612?
2
What is the tens digit of 2038606?
0
What is the millions digit of 15333204?
5
What is the hundreds digit of 68865?
8
What is the millions digit of 2212211?
2
What is the hundred thousands digit of 768553?
7
What is the tens digit of 171252?
5
What is the hundreds digit of 764958?
9
What is the thousands digit of 501769?
1
What is the millions digit of 2282948?
2
What is the ten thousands digit of 702668?
0
What is the ten thousands digit of 455215?
5
What is the units digit of 2967269?
9
What is the hundreds digit of 1190675?
6
What is the units digit of 449133?
3
What is the hundred thousands digit of 188605?
1
What is the hundreds digit of 95124?
1
What is the hundreds digit of 3252767?
7
What is the hundreds digit of 7329255?
2
What is the ten thousands digit of 15506?
1
What is the hundred thousands digit of 236797?
2
What is the ten millions digit of 15319115?
1
What is the ten thousands digit of 821993?
2
What is the hundreds digit of 1029663?
6
What is the units digit of 288412?
2
What is the thousands digit of 1725386?
5
What is the hundreds digit of 18124?
1
What is the thousands digit of 1183311?
3
What is the hundred thousands digit of 1008666?
0
What is the hundred thousands digit of 149821?
1
What is the tens digit of 1070185?
8
What is the tens digit of 11532315?
1
What is the hundreds digit of 2100328?
3
What is the tens digit of 7706408?
0
What is the ten millions digit of 13521717?
1
What is the units digit of 366506?
6
What is the tens digit of 3132017?
1
What is the hundred thousands digit of 3089765?
0
What is the units digit of 688042?
2
What is the ten thousands digit of 10011236?
1
What is the thousands digit of 83560?
3
What is the tens digit of 4709326?
2
What is the hundred thousands digit of 422993?
4
What is the millions digit of 2401129?
2
What is the tens digit of 69611?
1
What is the tens digit of 3286009?
0
What is the tens digit of 368201?
0
What is the hundreds digit of 759964?
9
What is the hundreds digit of 47472?
4
What is the tens digit of 3659829?
2
What is the hundred thousands digit of 4266887?
2
What is the hundreds digit of 574962?
9
What is the hundred thousands digit of 1742392?
7
What is the ten thousands digit of 9974442?
7
What is the ten thousands digit of 2807720?
0
What is the thousands digit of 1346434?
6
What is the thousands digit of 252737?
2
What is the hundred thousands digit of 700948?
7
What is the hundreds digit of 365399?
3
What is the hundred thousands digit of 5134193?
1
What is the hundreds digit of 32101123?
1
What is the hundreds digit of 10555845?
8
What is the tens digit of 221822?
2
What is the hundreds digit of 5364526?
5
What is the millions digit of 6241819?
6
What is the thousands digit of 479352?
9
What is the thousands digit of 360994?
0
What is the ten thousands digit of 10046973?
4
What is the hundreds digit of 672406?
4
What is the tens digit of 4484878?
7
What is the hundreds digit of 1322709?
7
What is the tens digit of 4486159?
5
What is the tens digit of 98251?
5
What is the units digit of 4359825?
5
What is the millions digit of 2091360?
2
What is the millions digit of 1497603?
1
What is the units digit of 7982361?
1
What is the units digit of 1187743?
3
What is the millions digit of 9401169?
9
What is the ten thousands digit of 5600338?
0
What is the hundreds digit of 2608543?
5
What is the tens digit of 190585?
8
What is the hundreds digit of 245163?
1
What is the thousands digit of 2411405?
1
What is the millions digit of 4217017?
4
What is the tens digit of 6583937?
3
What is the units digit of 7365984?
4
What is the hundreds digit of 3395975?
9
What is the ten thousands digit of 61968?
6
What is the hundred thousands digit of 437115?
4
What is the thousands digit of 8035570?
5
What is the thousands digit of 721051?
1
What is the hundred thousands digit of 13219842?
2
What is the hundred thousands digit of 2409440?
4
What is the millions digit of 3039089?
3
What is the millions digit of 5227205?
5
What is the thousands digit of 332860?
2
What is the ten thousands digit of 64592?
6
What is the millions digit of 1101567?
1
What is the units digit of 240000?
0
What is the millions digit of 5579535?
5
What is the thousands digit of 1134977?
4
What is the tens digit of 2249522?
2
What is the tens digit of 254682?
8
What is the tens digit of 4829139?
3
What is the hundreds digit of 1111821?
8
What is the tens digit of 599747?
4
What is the units digit of 353569?
9
What is the hundreds digit of 24747?
7
What is the hundred thousands digit of 658331?
6
What is the hundreds digit of 543366?
3
What is the tens digit of 636683?
8
What is the thousands digit of 327729?
7
What is the tens digit of 3081107?
0
What is the ten thousands digit of 790249?
9
What is the hundreds digit of 1984463?
4
What is the units digit of 501507?
7
What is the hundred thousands digit of 5173563?
1
What is the hundreds digit of 399313?
3
What is the hundreds digit of 1607301?
3
What is the hundred thousan